{"id":927,"date":"2025-03-06T13:16:32","date_gmt":"2025-03-06T12:16:32","guid":{"rendered":"http:\/\/localhost\/tvg-pub\/?post_type=product&#038;p=927"},"modified":"2026-04-07T13:44:41","modified_gmt":"2026-04-07T11:44:41","slug":"coussin-personnalise-pour-maison","status":"publish","type":"product","link":"https:\/\/tvgpub.com\/index.php\/produit\/coussin-personnalise-pour-maison\/","title":{"rendered":"Coussin personnalis\u00e9"},"content":{"rendered":"<h2 class=\"whitespace-pre-wrap break-words\">L&rsquo;\u00c9l\u00e9gance Blanche : Un Coussin Personnalis\u00e9 pour Maison<\/h2>\n<p class=\"whitespace-pre-wrap break-words\">Chez <strong><span style=\"color: #000080;\">TVG-Pub<\/span><\/strong> Coussin Personnalis\u00e9 pour Maison, incarne l&rsquo;\u00e9l\u00e9gance et le confort dans toute sa simplicit\u00e9. En effet, ce compagnon textile pr\u00e9sente un design \u00e9pur\u00e9 et minimaliste, enti\u00e8rement blanc, qui s&rsquo;adaptera parfaitement \u00e0 tous les int\u00e9rieurs traditionnels et modernes. Qui plus est, fabriqu\u00e9 avec un tissu doux et de haute qualit\u00e9, ce coussin offre un confort optimal qui transformera chaque espace de vie familial.<\/p>\n<h4 class=\"\" data-start=\"1997\" data-end=\"2058\"><strong data-start=\"2005\" data-end=\"2056\">Pourquoi choisir un coussin personnalis\u00e9 ?\u00a0<\/strong><\/h4>\n<p>Le <strong data-start=\"1811\" data-end=\"1848\">coussin personnalis\u00e9 <\/strong>\u00a0est un objet \u00e0 la fois confortable et visuellement impactant. Il associe d\u00e9coration et communication pour valoriser votre marque avec originalit\u00e9.<\/p>\n<ul data-start=\"2059\" data-end=\"2225\">\n<li class=\"\" data-start=\"2059\" data-end=\"2106\">\n<p class=\"\" data-start=\"2061\" data-end=\"2106\">Personnalisable avec logo, motif ou message<\/p>\n<\/li>\n<li class=\"\" data-start=\"2107\" data-end=\"2160\">\n<p class=\"\" data-start=\"2109\" data-end=\"2160\">Utile dans les bureaux, salons, espaces d\u2019accueil<\/p>\n<\/li>\n<li class=\"\" data-start=\"2161\" data-end=\"2225\">\n<p class=\"\" data-start=\"2163\" data-end=\"2225\">Parfait pour les \u00e9v\u00e9nements, cadeaux clients ou collaborateurs<\/p>\n<\/li>\n<\/ul>\n<h4 data-start=\"179\" data-end=\"257\"><strong data-start=\"179\" data-end=\"257\">Personnalise votre coussin a votre choix et a votre design\u00a0 \u00a0<\/strong><\/h4>\n<p class=\"\" data-start=\"259\" data-end=\"903\">Le coussin personnalis\u00e9 pour la maison repr\u00e9sente une nouvelle mani\u00e8re, pour les familles tunisiennes, d\u2019exprimer leur identit\u00e9 \u00e0 travers la d\u00e9coration int\u00e9rieure. Bien plus qu\u2019un simple accessoire, ce coussin devient un v\u00e9ritable vecteur de style et de valeurs propres \u00e0 chaque foyer.<br data-start=\"449\" data-end=\"452\" \/>Gr\u00e2ce \u00e0 ses nombreuses options de personnalisation, il permet d\u2019ajouter une touche unique \u00e0 l\u2019espace de vie \u2014 que ce soit par le choix des couleurs, des motifs ou encore par l\u2019int\u00e9gration de messages personnalis\u00e9s.<\/p>\n","protected":false},"excerpt":{"rendered":"<h3>\u00a0Coussin personnalis\u00e9<\/h3>\n<p>Cr\u00e9ez votre style, personnalisez votre design<\/p>\n<p>&nbsp;<\/p>\n","protected":false},"featured_media":4093,"comment_status":"open","ping_status":"closed","template":"","meta":{"site-sidebar-layout":"default","site-content-layout":"","ast-site-content-layout":"default","site-content-style":"default","site-sidebar-style":"default","ast-global-header-display":"","ast-banner-title-visibility":"","ast-main-header-display":"disabled","ast-hfb-above-header-display":"","ast-hfb-below-header-display":"","ast-hfb-mobile-header-display":"disabled","site-post-title":"","ast-breadcrumbs-content":"disabled","ast-featured-img":"","footer-sml-layout":"","theme-transparent-header-meta":"default","adv-header-id-meta":"","stick-header-meta":"","header-above-stick-meta":"","header-main-stick-meta":"","header-below-stick-meta":"","astra-migrate-meta-layouts":"set","ast-page-background-enabled":"default","ast-page-background-meta":{"desktop":{"background-color":"var(--ast-global-color-5)","background-image":"","background-repeat":"repeat","background-position":"center center","background-size":"auto","background-attachment":"scroll","background-type":"","background-media":"","overlay-type":"","overlay-color":"","overlay-opacity":"","overlay-gradient":""},"tablet":{"background-color":"","background-image":"","background-repeat":"repeat","background-position":"center center","background-size":"auto","background-attachment":"scroll","background-type":"","background-media":"","overlay-type":"","overlay-color":"","overlay-opacity":"","overlay-gradient":""},"mobile":{"background-color":"","background-image":"","background-repeat":"repeat","background-position":"center center","background-size":"auto","background-attachment":"scroll","background-type":"","background-media":"","overlay-type":"","overlay-color":"","overlay-opacity":"","overlay-gradient":""}},"ast-content-background-meta":{"desktop":{"background-color":"var(--ast-global-color-4)","background-image":"","background-repeat":"repeat","background-position":"center center","background-size":"auto","background-attachment":"scroll","background-type":"","background-media":"","overlay-type":"","overlay-color":"","overlay-opacity":"","overlay-gradient":""},"tablet":{"background-color":"var(--ast-global-color-4)","background-image":"","background-repeat":"repeat","background-position":"center center","background-size":"auto","background-attachment":"scroll","background-type":"","background-media":"","overlay-type":"","overlay-color":"","overlay-opacity":"","overlay-gradient":""},"mobile":{"background-color":"var(--ast-global-color-4)","background-image":"","background-repeat":"repeat","background-position":"center center","background-size":"auto","background-attachment":"scroll","background-type":"","background-media":"","overlay-type":"","overlay-color":"","overlay-opacity":"","overlay-gradient":""}},"_joinchat":[]},"product_brand":[],"product_cat":[51],"product_tag":[],"class_list":{"0":"post-927","1":"product","2":"type-product","3":"status-publish","4":"has-post-thumbnail","6":"product_cat-coussin","7":"desktop-align-center","8":"tablet-align-left","9":"mobile-align-left","11":"first","12":"instock","13":"taxable","14":"shipping-taxable","15":"purchasable","16":"product-type-variable"},"yoast_head":"<!-- This site is optimized with the Yoast SEO plugin v25.3 - https:\/\/yoast.com\/wordpress\/plugins\/seo\/ -->\n<title>Coussin Personnalis\u00e9 pour Maison | d\u00e9co TVG-Pub<\/title>\n<meta name=\"description\" content=\"TVG-Pub pr\u00e9sente un Coussin Personnalis\u00e9 pour Maison sur mesure, Un objet original et confortable. D\u00e9co id\u00e9al pour vos espaces.\" \/>\n<meta name=\"robots\" content=\"index, follow, max-snippet:-1, max-image-preview:large, max-video-preview:-1\" \/>\n<link rel=\"canonical\" href=\"https:\/\/tvgpub.com\/index.php\/produit\/coussin-personnalise-pour-maison\/\" \/>\n<meta property=\"og:locale\" content=\"fr_FR\" \/>\n<meta property=\"og:type\" content=\"article\" \/>\n<meta property=\"og:title\" content=\"Coussin Personnalis\u00e9 pour Maison | d\u00e9co TVG-Pub\" \/>\n<meta property=\"og:description\" content=\"TVG-Pub pr\u00e9sente un Coussin Personnalis\u00e9 pour Maison sur mesure, Un objet original et confortable. D\u00e9co id\u00e9al pour vos espaces.\" \/>\n<meta property=\"og:url\" content=\"https:\/\/tvgpub.com\/index.php\/produit\/coussin-personnalise-pour-maison\/\" \/>\n<meta property=\"article:publisher\" content=\"https:\/\/www.facebook.com\/profile.php?id=100054654241442\" \/>\n<meta property=\"article:modified_time\" content=\"2026-04-07T11:44:41+00:00\" \/>\n<meta property=\"og:image\" content=\"https:\/\/tvgpub.com\/wp-content\/uploads\/2025\/03\/78-2.jpg\" \/>\n\t<meta property=\"og:image:width\" content=\"1080\" \/>\n\t<meta property=\"og:image:height\" content=\"1080\" \/>\n\t<meta property=\"og:image:type\" content=\"image\/jpeg\" \/>\n<meta name=\"twitter:card\" content=\"summary_large_image\" \/>\n<meta name=\"twitter:label1\" content=\"Dur\u00e9e de lecture estim\u00e9e\" \/>\n\t<meta name=\"twitter:data1\" content=\"2 minutes\" \/>\n<script type=\"application\/ld+json\" class=\"yoast-schema-graph\">{\"@context\":\"https:\/\/schema.org\",\"@graph\":[{\"@type\":\"WebPage\",\"@id\":\"https:\/\/tvgpub.com\/index.php\/produit\/coussin-personnalise-pour-maison\/\",\"url\":\"https:\/\/tvgpub.com\/index.php\/produit\/coussin-personnalise-pour-maison\/\",\"name\":\"Coussin Personnalis\u00e9 pour Maison | d\u00e9co TVG-Pub\",\"isPartOf\":{\"@id\":\"https:\/\/tvgpub.com\/#website\"},\"primaryImageOfPage\":{\"@id\":\"https:\/\/tvgpub.com\/index.php\/produit\/coussin-personnalise-pour-maison\/#primaryimage\"},\"image\":{\"@id\":\"https:\/\/tvgpub.com\/index.php\/produit\/coussin-personnalise-pour-maison\/#primaryimage\"},\"thumbnailUrl\":\"https:\/\/tvgpub.com\/wp-content\/uploads\/2025\/03\/78-2.jpg\",\"datePublished\":\"2025-03-06T12:16:32+00:00\",\"dateModified\":\"2026-04-07T11:44:41+00:00\",\"description\":\"TVG-Pub pr\u00e9sente un Coussin Personnalis\u00e9 pour Maison sur mesure, Un objet original et confortable. D\u00e9co id\u00e9al pour vos espaces.\",\"breadcrumb\":{\"@id\":\"https:\/\/tvgpub.com\/index.php\/produit\/coussin-personnalise-pour-maison\/#breadcrumb\"},\"inLanguage\":\"fr-FR\",\"potentialAction\":[{\"@type\":\"ReadAction\",\"target\":[\"https:\/\/tvgpub.com\/index.php\/produit\/coussin-personnalise-pour-maison\/\"]}]},{\"@type\":\"ImageObject\",\"inLanguage\":\"fr-FR\",\"@id\":\"https:\/\/tvgpub.com\/index.php\/produit\/coussin-personnalise-pour-maison\/#primaryimage\",\"url\":\"https:\/\/tvgpub.com\/wp-content\/uploads\/2025\/03\/78-2.jpg\",\"contentUrl\":\"https:\/\/tvgpub.com\/wp-content\/uploads\/2025\/03\/78-2.jpg\",\"width\":1080,\"height\":1080,\"caption\":\"coussin personnalis\u00e9\"},{\"@type\":\"BreadcrumbList\",\"@id\":\"https:\/\/tvgpub.com\/index.php\/produit\/coussin-personnalise-pour-maison\/#breadcrumb\",\"itemListElement\":[{\"@type\":\"ListItem\",\"position\":1,\"name\":\"Accueil\",\"item\":\"https:\/\/tvgpub.com\/\"},{\"@type\":\"ListItem\",\"position\":2,\"name\":\"Produits personnalis\u00e9\",\"item\":\"https:\/\/tvgpub.com\/index.php\/produit-population-tunisie\/\"},{\"@type\":\"ListItem\",\"position\":3,\"name\":\"Coussin personnalis\u00e9\"}]},{\"@type\":\"WebSite\",\"@id\":\"https:\/\/tvgpub.com\/#website\",\"url\":\"https:\/\/tvgpub.com\/\",\"name\":\"tvg-pub\",\"description\":\"\",\"publisher\":{\"@id\":\"https:\/\/tvgpub.com\/#organization\"},\"potentialAction\":[{\"@type\":\"SearchAction\",\"target\":{\"@type\":\"EntryPoint\",\"urlTemplate\":\"https:\/\/tvgpub.com\/?s={search_term_string}\"},\"query-input\":{\"@type\":\"PropertyValueSpecification\",\"valueRequired\":true,\"valueName\":\"search_term_string\"}}],\"inLanguage\":\"fr-FR\"},{\"@type\":\"Organization\",\"@id\":\"https:\/\/tvgpub.com\/#organization\",\"name\":\"tvg-pub\",\"url\":\"https:\/\/tvgpub.com\/\",\"logo\":{\"@type\":\"ImageObject\",\"inLanguage\":\"fr-FR\",\"@id\":\"https:\/\/tvgpub.com\/#\/schema\/logo\/image\/\",\"url\":\"https:\/\/tvgpub.com\/wp-content\/uploads\/2025\/02\/received_1260973734993693-removebg-preview.png\",\"contentUrl\":\"https:\/\/tvgpub.com\/wp-content\/uploads\/2025\/02\/received_1260973734993693-removebg-preview.png\",\"width\":621,\"height\":402,\"caption\":\"tvg-pub\"},\"image\":{\"@id\":\"https:\/\/tvgpub.com\/#\/schema\/logo\/image\/\"},\"sameAs\":[\"https:\/\/www.facebook.com\/profile.php?id=100054654241442\"]}]}<\/script>\n<!-- \/ Yoast SEO plugin. -->","yoast_head_json":{"title":"Coussin Personnalis\u00e9 pour Maison | d\u00e9co TVG-Pub","description":"TVG-Pub pr\u00e9sente un Coussin Personnalis\u00e9 pour Maison sur mesure, Un objet original et confortable. D\u00e9co id\u00e9al pour vos espaces.","robots":{"index":"index","follow":"follow","max-snippet":"max-snippet:-1","max-image-preview":"max-image-preview:large","max-video-preview":"max-video-preview:-1"},"canonical":"https:\/\/tvgpub.com\/index.php\/produit\/coussin-personnalise-pour-maison\/","og_locale":"fr_FR","og_type":"article","og_title":"Coussin Personnalis\u00e9 pour Maison | d\u00e9co TVG-Pub","og_description":"TVG-Pub pr\u00e9sente un Coussin Personnalis\u00e9 pour Maison sur mesure, Un objet original et confortable. D\u00e9co id\u00e9al pour vos espaces.","og_url":"https:\/\/tvgpub.com\/index.php\/produit\/coussin-personnalise-pour-maison\/","article_publisher":"https:\/\/www.facebook.com\/profile.php?id=100054654241442","article_modified_time":"2026-04-07T11:44:41+00:00","og_image":[{"width":1080,"height":1080,"url":"https:\/\/tvgpub.com\/wp-content\/uploads\/2025\/03\/78-2.jpg","type":"image\/jpeg"}],"twitter_card":"summary_large_image","twitter_misc":{"Dur\u00e9e de lecture estim\u00e9e":"2 minutes"},"schema":{"@context":"https:\/\/schema.org","@graph":[{"@type":"WebPage","@id":"https:\/\/tvgpub.com\/index.php\/produit\/coussin-personnalise-pour-maison\/","url":"https:\/\/tvgpub.com\/index.php\/produit\/coussin-personnalise-pour-maison\/","name":"Coussin Personnalis\u00e9 pour Maison | d\u00e9co TVG-Pub","isPartOf":{"@id":"https:\/\/tvgpub.com\/#website"},"primaryImageOfPage":{"@id":"https:\/\/tvgpub.com\/index.php\/produit\/coussin-personnalise-pour-maison\/#primaryimage"},"image":{"@id":"https:\/\/tvgpub.com\/index.php\/produit\/coussin-personnalise-pour-maison\/#primaryimage"},"thumbnailUrl":"https:\/\/tvgpub.com\/wp-content\/uploads\/2025\/03\/78-2.jpg","datePublished":"2025-03-06T12:16:32+00:00","dateModified":"2026-04-07T11:44:41+00:00","description":"TVG-Pub pr\u00e9sente un Coussin Personnalis\u00e9 pour Maison sur mesure, Un objet original et confortable. D\u00e9co id\u00e9al pour vos espaces.","breadcrumb":{"@id":"https:\/\/tvgpub.com\/index.php\/produit\/coussin-personnalise-pour-maison\/#breadcrumb"},"inLanguage":"fr-FR","potentialAction":[{"@type":"ReadAction","target":["https:\/\/tvgpub.com\/index.php\/produit\/coussin-personnalise-pour-maison\/"]}]},{"@type":"ImageObject","inLanguage":"fr-FR","@id":"https:\/\/tvgpub.com\/index.php\/produit\/coussin-personnalise-pour-maison\/#primaryimage","url":"https:\/\/tvgpub.com\/wp-content\/uploads\/2025\/03\/78-2.jpg","contentUrl":"https:\/\/tvgpub.com\/wp-content\/uploads\/2025\/03\/78-2.jpg","width":1080,"height":1080,"caption":"coussin personnalis\u00e9"},{"@type":"BreadcrumbList","@id":"https:\/\/tvgpub.com\/index.php\/produit\/coussin-personnalise-pour-maison\/#breadcrumb","itemListElement":[{"@type":"ListItem","position":1,"name":"Accueil","item":"https:\/\/tvgpub.com\/"},{"@type":"ListItem","position":2,"name":"Produits personnalis\u00e9","item":"https:\/\/tvgpub.com\/index.php\/produit-population-tunisie\/"},{"@type":"ListItem","position":3,"name":"Coussin personnalis\u00e9"}]},{"@type":"WebSite","@id":"https:\/\/tvgpub.com\/#website","url":"https:\/\/tvgpub.com\/","name":"tvg-pub","description":"","publisher":{"@id":"https:\/\/tvgpub.com\/#organization"},"potentialAction":[{"@type":"SearchAction","target":{"@type":"EntryPoint","urlTemplate":"https:\/\/tvgpub.com\/?s={search_term_string}"},"query-input":{"@type":"PropertyValueSpecification","valueRequired":true,"valueName":"search_term_string"}}],"inLanguage":"fr-FR"},{"@type":"Organization","@id":"https:\/\/tvgpub.com\/#organization","name":"tvg-pub","url":"https:\/\/tvgpub.com\/","logo":{"@type":"ImageObject","inLanguage":"fr-FR","@id":"https:\/\/tvgpub.com\/#\/schema\/logo\/image\/","url":"https:\/\/tvgpub.com\/wp-content\/uploads\/2025\/02\/received_1260973734993693-removebg-preview.png","contentUrl":"https:\/\/tvgpub.com\/wp-content\/uploads\/2025\/02\/received_1260973734993693-removebg-preview.png","width":621,"height":402,"caption":"tvg-pub"},"image":{"@id":"https:\/\/tvgpub.com\/#\/schema\/logo\/image\/"},"sameAs":["https:\/\/www.facebook.com\/profile.php?id=100054654241442"]}]}},"_links":{"self":[{"href":"https:\/\/tvgpub.com\/index.php\/wp-json\/wp\/v2\/product\/927","targetHints":{"allow":["GET"]}}],"collection":[{"href":"https:\/\/tvgpub.com\/index.php\/wp-json\/wp\/v2\/product"}],"about":[{"href":"https:\/\/tvgpub.com\/index.php\/wp-json\/wp\/v2\/types\/product"}],"replies":[{"embeddable":true,"href":"https:\/\/tvgpub.com\/index.php\/wp-json\/wp\/v2\/comments?post=927"}],"wp:featuredmedia":[{"embeddable":true,"href":"https:\/\/tvgpub.com\/index.php\/wp-json\/wp\/v2\/media\/4093"}],"wp:attachment":[{"href":"https:\/\/tvgpub.com\/index.php\/wp-json\/wp\/v2\/media?parent=927"}],"wp:term":[{"taxonomy":"product_brand","embeddable":true,"href":"https:\/\/tvgpub.com\/index.php\/wp-json\/wp\/v2\/product_brand?post=927"},{"taxonomy":"product_cat","embeddable":true,"href":"https:\/\/tvgpub.com\/index.php\/wp-json\/wp\/v2\/product_cat?post=927"},{"taxonomy":"product_tag","embeddable":true,"href":"https:\/\/tvgpub.com\/index.php\/wp-json\/wp\/v2\/product_tag?post=927"}],"curies":[{"name":"wp","href":"https:\/\/api.w.org\/{rel}","templated":true}]}}