{"id":869,"date":"2025-03-05T22:16:47","date_gmt":"2025-03-05T21:16:47","guid":{"rendered":"http:\/\/localhost\/tvg-pub\/?post_type=product&#038;p=869"},"modified":"2026-04-18T03:34:55","modified_gmt":"2026-04-18T01:34:55","slug":"gourde-personnalisee","status":"publish","type":"product","link":"https:\/\/tvgpub.com\/index.php\/produit\/gourde-personnalisee\/","title":{"rendered":"Gourde"},"content":{"rendered":"<h2 data-start=\"85\" data-end=\"119\"><strong data-start=\"85\" data-end=\"119\">TVG-PUB : Gourde Personnalis\u00e9e<\/strong><\/h2>\n<p class=\"\" data-start=\"121\" data-end=\"693\">La gourde personnalis\u00e9e sign\u00e9e <span style=\"color: #000080;\"><strong>TVG-Pub<\/strong><\/span> est un objet publicitaire pratique, moderne et \u00e9cologique. Elle peut \u00eatre enti\u00e8rement personnalis\u00e9e avec un image ou un message de votre choix. TVG-Pub vous accompagne dans la cr\u00e9ation de goodies sur mesure adapt\u00e9s \u00e0 vos besoins<\/p>\n<p class=\"\" data-start=\"695\" data-end=\"1270\">En effet, l&rsquo;atelier de TVG-Pub, \u00e9quip\u00e9 des derni\u00e8res technologies d&rsquo;impression, assure des r\u00e9sultats d&rsquo;une pr\u00e9cision exceptionnelle, garantissant une personnalisation parfaite pour chaque gourde. De plus, l&rsquo;entreprise met un point d&rsquo;honneur \u00e0 fournir un service client, ce qui permet de b\u00e2tir une relation de confiance durable avec sa client\u00e8le.<\/p>\n<h3 data-start=\"1272\" data-end=\"1327\"><strong data-start=\"1272\" data-end=\"1327\">Personnalisation Unique pour le gourde<\/strong><\/h3>\n<p class=\"\" data-start=\"1329\" data-end=\"1922\">Ce qui distingue v\u00e9ritablement TVG-Pub, c&rsquo;est sa capacit\u00e9 \u00e0 transformer une simple gourde en un objet totalement unique. L&rsquo;agence propose des designs vari\u00e9s et cr\u00e9atifs qui permettent \u00e0 chaque client de s&rsquo;exprimer pleinement. Que ce soit pour un usage personnel, un cadeau sp\u00e9cial ou une commande professionnelle, TVG-Pub met un accent particulier sur l&rsquo;originalit\u00e9 et la qualit\u00e9. De cette mani\u00e8re, cr\u00e9\u00e9e sur mesure pour refl\u00e9ter les go\u00fbts.<\/p>\n<h3 data-start=\"2403\" data-end=\"2455\"><strong data-start=\"2403\" data-end=\"2455\">Sublimez-vous avec la Gourde Personnalisable en TVG<\/strong><\/h3>\n<p class=\"\" data-start=\"2457\" data-end=\"2907\">La gourde inox TVG devient un v\u00e9ritable support de communication, offrant d\u2019innombrables possibilit\u00e9s de personnalisation pour r\u00e9pondre \u00e0 toutes les attentes. Sa surface lisse en inox permet une impression pr\u00e9cise et soign\u00e9e. Les \u00e9quipes de TVG-Pub impriment chaque d\u00e9tail avec une haute pr\u00e9cision, assurant ainsi un rendu visuel impeccable \u00e0 chaque commande.<\/p>\n<p class=\"\" data-start=\"2909\" data-end=\"3612\">Ainsi, chaque client peut concevoir une gourde qui lui ressemble, un objet personnel unique qui refl\u00e8te parfaitement son identit\u00e9 visuelle. Ce processus de personnalisation ne se limite pas simplement \u00e0 un produit pratique, mais devient un moyen puissant d\u2019exprimer son style tout en promouvant son image.<\/p>\n","protected":false},"excerpt":{"rendered":"<p><strong data-start=\"63\" data-end=\"123\">Personnalisez votre gourde avec le design de votre choix<\/strong><br data-start=\"123\" data-end=\"126\" \/>Offrez \u00e0 votre gourde une touche unique en la personnalisant avec le design qui vous ressemble. Que ce soit un motif graphique, un pr\u00e9nom, un logo ou un message inspirant, chaque d\u00e9tail peut \u00eatre adapt\u00e9 \u00e0 vos go\u00fbts pour cr\u00e9er un accessoire \u00e0 la fois pratique, original et \u00e0 votre image<\/p>\n<p>&nbsp;<\/p>\n","protected":false},"featured_media":4081,"comment_status":"open","ping_status":"closed","template":"","meta":{"site-sidebar-layout":"default","site-content-layout":"","ast-site-content-layout":"default","site-content-style":"default","site-sidebar-style":"default","ast-global-header-display":"","ast-banner-title-visibility":"","ast-main-header-display":"disabled","ast-hfb-above-header-display":"","ast-hfb-below-header-display":"","ast-hfb-mobile-header-display":"disabled","site-post-title":"","ast-breadcrumbs-content":"disabled","ast-featured-img":"","footer-sml-layout":"","theme-transparent-header-meta":"default","adv-header-id-meta":"","stick-header-meta":"","header-above-stick-meta":"","header-main-stick-meta":"","header-below-stick-meta":"","astra-migrate-meta-layouts":"set","ast-page-background-enabled":"default","ast-page-background-meta":{"desktop":{"background-color":"var(--ast-global-color-5)","background-image":"","background-repeat":"repeat","background-position":"center center","background-size":"auto","background-attachment":"scroll","background-type":"","background-media":"","overlay-type":"","overlay-color":"","overlay-opacity":"","overlay-gradient":""},"tablet":{"background-color":"","background-image":"","background-repeat":"repeat","background-position":"center center","background-size":"auto","background-attachment":"scroll","background-type":"","background-media":"","overlay-type":"","overlay-color":"","overlay-opacity":"","overlay-gradient":""},"mobile":{"background-color":"","background-image":"","background-repeat":"repeat","background-position":"center center","background-size":"auto","background-attachment":"scroll","background-type":"","background-media":"","overlay-type":"","overlay-color":"","overlay-opacity":"","overlay-gradient":""}},"ast-content-background-meta":{"desktop":{"background-color":"var(--ast-global-color-4)","background-image":"","background-repeat":"repeat","background-position":"center center","background-size":"auto","background-attachment":"scroll","background-type":"","background-media":"","overlay-type":"","overlay-color":"","overlay-opacity":"","overlay-gradient":""},"tablet":{"background-color":"var(--ast-global-color-4)","background-image":"","background-repeat":"repeat","background-position":"center center","background-size":"auto","background-attachment":"scroll","background-type":"","background-media":"","overlay-type":"","overlay-color":"","overlay-opacity":"","overlay-gradient":""},"mobile":{"background-color":"var(--ast-global-color-4)","background-image":"","background-repeat":"repeat","background-position":"center center","background-size":"auto","background-attachment":"scroll","background-type":"","background-media":"","overlay-type":"","overlay-color":"","overlay-opacity":"","overlay-gradient":""}},"_joinchat":[]},"product_brand":[],"product_cat":[47],"product_tag":[43],"class_list":{"0":"post-869","1":"product","2":"type-product","3":"status-publish","4":"has-post-thumbnail","6":"product_cat-termosse","7":"product_tag-personnalise","8":"desktop-align-center","9":"tablet-align-left","10":"mobile-align-left","12":"first","13":"instock","14":"taxable","15":"shipping-taxable","16":"purchasable","17":"product-type-variable"},"yoast_head":"<!-- This site is optimized with the Yoast SEO plugin v25.3 - https:\/\/yoast.com\/wordpress\/plugins\/seo\/ -->\n<title>Gourde Personnalis\u00e9e Id\u00e9ale chez Tvg-Pub<\/title>\n<meta name=\"description\" content=\"Gourde personnalis\u00e9e publicitaire : id\u00e9ale pour vous. Gr\u00e2ce \u00e0 TVG, cette gourde personnalis\u00e9e selon votre choix sur-mesure.\" \/>\n<meta name=\"robots\" content=\"index, follow, max-snippet:-1, max-image-preview:large, max-video-preview:-1\" \/>\n<link rel=\"canonical\" href=\"https:\/\/tvgpub.com\/index.php\/produit\/gourde-personnalisee\/\" \/>\n<meta property=\"og:locale\" content=\"fr_FR\" \/>\n<meta property=\"og:type\" content=\"article\" \/>\n<meta property=\"og:title\" content=\"Gourde Personnalis\u00e9e Id\u00e9ale chez Tvg-Pub\" \/>\n<meta property=\"og:description\" content=\"Gourde personnalis\u00e9e publicitaire : id\u00e9ale pour vous. Gr\u00e2ce \u00e0 TVG, cette gourde personnalis\u00e9e selon votre choix sur-mesure.\" \/>\n<meta property=\"og:url\" content=\"https:\/\/tvgpub.com\/index.php\/produit\/gourde-personnalisee\/\" \/>\n<meta property=\"article:publisher\" content=\"https:\/\/www.facebook.com\/profile.php?id=100054654241442\" \/>\n<meta property=\"article:modified_time\" content=\"2026-04-18T01:34:55+00:00\" \/>\n<meta property=\"og:image\" content=\"https:\/\/tvgpub.com\/wp-content\/uploads\/2025\/03\/52-1-1.png\" \/>\n\t<meta property=\"og:image:width\" content=\"1080\" \/>\n\t<meta property=\"og:image:height\" content=\"1080\" \/>\n\t<meta property=\"og:image:type\" content=\"image\/png\" \/>\n<meta name=\"twitter:card\" content=\"summary_large_image\" \/>\n<meta name=\"twitter:label1\" content=\"Dur\u00e9e de lecture estim\u00e9e\" \/>\n\t<meta name=\"twitter:data1\" content=\"2 minutes\" \/>\n<script type=\"application\/ld+json\" class=\"yoast-schema-graph\">{\"@context\":\"https:\/\/schema.org\",\"@graph\":[{\"@type\":\"WebPage\",\"@id\":\"https:\/\/tvgpub.com\/index.php\/produit\/gourde-personnalisee\/\",\"url\":\"https:\/\/tvgpub.com\/index.php\/produit\/gourde-personnalisee\/\",\"name\":\"Gourde Personnalis\u00e9e Id\u00e9ale chez Tvg-Pub\",\"isPartOf\":{\"@id\":\"https:\/\/tvgpub.com\/#website\"},\"primaryImageOfPage\":{\"@id\":\"https:\/\/tvgpub.com\/index.php\/produit\/gourde-personnalisee\/#primaryimage\"},\"image\":{\"@id\":\"https:\/\/tvgpub.com\/index.php\/produit\/gourde-personnalisee\/#primaryimage\"},\"thumbnailUrl\":\"https:\/\/tvgpub.com\/wp-content\/uploads\/2025\/03\/52-1-1.png\",\"datePublished\":\"2025-03-05T21:16:47+00:00\",\"dateModified\":\"2026-04-18T01:34:55+00:00\",\"description\":\"Gourde personnalis\u00e9e publicitaire : id\u00e9ale pour vous. Gr\u00e2ce \u00e0 TVG, cette gourde personnalis\u00e9e selon votre choix sur-mesure.\",\"breadcrumb\":{\"@id\":\"https:\/\/tvgpub.com\/index.php\/produit\/gourde-personnalisee\/#breadcrumb\"},\"inLanguage\":\"fr-FR\",\"potentialAction\":[{\"@type\":\"ReadAction\",\"target\":[\"https:\/\/tvgpub.com\/index.php\/produit\/gourde-personnalisee\/\"]}]},{\"@type\":\"ImageObject\",\"inLanguage\":\"fr-FR\",\"@id\":\"https:\/\/tvgpub.com\/index.php\/produit\/gourde-personnalisee\/#primaryimage\",\"url\":\"https:\/\/tvgpub.com\/wp-content\/uploads\/2025\/03\/52-1-1.png\",\"contentUrl\":\"https:\/\/tvgpub.com\/wp-content\/uploads\/2025\/03\/52-1-1.png\",\"width\":1080,\"height\":1080,\"caption\":\"gourd personnalis\u00e9\"},{\"@type\":\"BreadcrumbList\",\"@id\":\"https:\/\/tvgpub.com\/index.php\/produit\/gourde-personnalisee\/#breadcrumb\",\"itemListElement\":[{\"@type\":\"ListItem\",\"position\":1,\"name\":\"Accueil\",\"item\":\"https:\/\/tvgpub.com\/\"},{\"@type\":\"ListItem\",\"position\":2,\"name\":\"Produits personnalis\u00e9\",\"item\":\"https:\/\/tvgpub.com\/index.php\/produit-population-tunisie\/\"},{\"@type\":\"ListItem\",\"position\":3,\"name\":\"Gourde\"}]},{\"@type\":\"WebSite\",\"@id\":\"https:\/\/tvgpub.com\/#website\",\"url\":\"https:\/\/tvgpub.com\/\",\"name\":\"tvg-pub\",\"description\":\"\",\"publisher\":{\"@id\":\"https:\/\/tvgpub.com\/#organization\"},\"potentialAction\":[{\"@type\":\"SearchAction\",\"target\":{\"@type\":\"EntryPoint\",\"urlTemplate\":\"https:\/\/tvgpub.com\/?s={search_term_string}\"},\"query-input\":{\"@type\":\"PropertyValueSpecification\",\"valueRequired\":true,\"valueName\":\"search_term_string\"}}],\"inLanguage\":\"fr-FR\"},{\"@type\":\"Organization\",\"@id\":\"https:\/\/tvgpub.com\/#organization\",\"name\":\"tvg-pub\",\"url\":\"https:\/\/tvgpub.com\/\",\"logo\":{\"@type\":\"ImageObject\",\"inLanguage\":\"fr-FR\",\"@id\":\"https:\/\/tvgpub.com\/#\/schema\/logo\/image\/\",\"url\":\"https:\/\/tvgpub.com\/wp-content\/uploads\/2025\/02\/received_1260973734993693-removebg-preview.png\",\"contentUrl\":\"https:\/\/tvgpub.com\/wp-content\/uploads\/2025\/02\/received_1260973734993693-removebg-preview.png\",\"width\":621,\"height\":402,\"caption\":\"tvg-pub\"},\"image\":{\"@id\":\"https:\/\/tvgpub.com\/#\/schema\/logo\/image\/\"},\"sameAs\":[\"https:\/\/www.facebook.com\/profile.php?id=100054654241442\"]}]}<\/script>\n<!-- \/ Yoast SEO plugin. -->","yoast_head_json":{"title":"Gourde Personnalis\u00e9e Id\u00e9ale chez Tvg-Pub","description":"Gourde personnalis\u00e9e publicitaire : id\u00e9ale pour vous. Gr\u00e2ce \u00e0 TVG, cette gourde personnalis\u00e9e selon votre choix sur-mesure.","robots":{"index":"index","follow":"follow","max-snippet":"max-snippet:-1","max-image-preview":"max-image-preview:large","max-video-preview":"max-video-preview:-1"},"canonical":"https:\/\/tvgpub.com\/index.php\/produit\/gourde-personnalisee\/","og_locale":"fr_FR","og_type":"article","og_title":"Gourde Personnalis\u00e9e Id\u00e9ale chez Tvg-Pub","og_description":"Gourde personnalis\u00e9e publicitaire : id\u00e9ale pour vous. Gr\u00e2ce \u00e0 TVG, cette gourde personnalis\u00e9e selon votre choix sur-mesure.","og_url":"https:\/\/tvgpub.com\/index.php\/produit\/gourde-personnalisee\/","article_publisher":"https:\/\/www.facebook.com\/profile.php?id=100054654241442","article_modified_time":"2026-04-18T01:34:55+00:00","og_image":[{"width":1080,"height":1080,"url":"https:\/\/tvgpub.com\/wp-content\/uploads\/2025\/03\/52-1-1.png","type":"image\/png"}],"twitter_card":"summary_large_image","twitter_misc":{"Dur\u00e9e de lecture estim\u00e9e":"2 minutes"},"schema":{"@context":"https:\/\/schema.org","@graph":[{"@type":"WebPage","@id":"https:\/\/tvgpub.com\/index.php\/produit\/gourde-personnalisee\/","url":"https:\/\/tvgpub.com\/index.php\/produit\/gourde-personnalisee\/","name":"Gourde Personnalis\u00e9e Id\u00e9ale chez Tvg-Pub","isPartOf":{"@id":"https:\/\/tvgpub.com\/#website"},"primaryImageOfPage":{"@id":"https:\/\/tvgpub.com\/index.php\/produit\/gourde-personnalisee\/#primaryimage"},"image":{"@id":"https:\/\/tvgpub.com\/index.php\/produit\/gourde-personnalisee\/#primaryimage"},"thumbnailUrl":"https:\/\/tvgpub.com\/wp-content\/uploads\/2025\/03\/52-1-1.png","datePublished":"2025-03-05T21:16:47+00:00","dateModified":"2026-04-18T01:34:55+00:00","description":"Gourde personnalis\u00e9e publicitaire : id\u00e9ale pour vous. Gr\u00e2ce \u00e0 TVG, cette gourde personnalis\u00e9e selon votre choix sur-mesure.","breadcrumb":{"@id":"https:\/\/tvgpub.com\/index.php\/produit\/gourde-personnalisee\/#breadcrumb"},"inLanguage":"fr-FR","potentialAction":[{"@type":"ReadAction","target":["https:\/\/tvgpub.com\/index.php\/produit\/gourde-personnalisee\/"]}]},{"@type":"ImageObject","inLanguage":"fr-FR","@id":"https:\/\/tvgpub.com\/index.php\/produit\/gourde-personnalisee\/#primaryimage","url":"https:\/\/tvgpub.com\/wp-content\/uploads\/2025\/03\/52-1-1.png","contentUrl":"https:\/\/tvgpub.com\/wp-content\/uploads\/2025\/03\/52-1-1.png","width":1080,"height":1080,"caption":"gourd personnalis\u00e9"},{"@type":"BreadcrumbList","@id":"https:\/\/tvgpub.com\/index.php\/produit\/gourde-personnalisee\/#breadcrumb","itemListElement":[{"@type":"ListItem","position":1,"name":"Accueil","item":"https:\/\/tvgpub.com\/"},{"@type":"ListItem","position":2,"name":"Produits personnalis\u00e9","item":"https:\/\/tvgpub.com\/index.php\/produit-population-tunisie\/"},{"@type":"ListItem","position":3,"name":"Gourde"}]},{"@type":"WebSite","@id":"https:\/\/tvgpub.com\/#website","url":"https:\/\/tvgpub.com\/","name":"tvg-pub","description":"","publisher":{"@id":"https:\/\/tvgpub.com\/#organization"},"potentialAction":[{"@type":"SearchAction","target":{"@type":"EntryPoint","urlTemplate":"https:\/\/tvgpub.com\/?s={search_term_string}"},"query-input":{"@type":"PropertyValueSpecification","valueRequired":true,"valueName":"search_term_string"}}],"inLanguage":"fr-FR"},{"@type":"Organization","@id":"https:\/\/tvgpub.com\/#organization","name":"tvg-pub","url":"https:\/\/tvgpub.com\/","logo":{"@type":"ImageObject","inLanguage":"fr-FR","@id":"https:\/\/tvgpub.com\/#\/schema\/logo\/image\/","url":"https:\/\/tvgpub.com\/wp-content\/uploads\/2025\/02\/received_1260973734993693-removebg-preview.png","contentUrl":"https:\/\/tvgpub.com\/wp-content\/uploads\/2025\/02\/received_1260973734993693-removebg-preview.png","width":621,"height":402,"caption":"tvg-pub"},"image":{"@id":"https:\/\/tvgpub.com\/#\/schema\/logo\/image\/"},"sameAs":["https:\/\/www.facebook.com\/profile.php?id=100054654241442"]}]}},"_links":{"self":[{"href":"https:\/\/tvgpub.com\/index.php\/wp-json\/wp\/v2\/product\/869","targetHints":{"allow":["GET"]}}],"collection":[{"href":"https:\/\/tvgpub.com\/index.php\/wp-json\/wp\/v2\/product"}],"about":[{"href":"https:\/\/tvgpub.com\/index.php\/wp-json\/wp\/v2\/types\/product"}],"replies":[{"embeddable":true,"href":"https:\/\/tvgpub.com\/index.php\/wp-json\/wp\/v2\/comments?post=869"}],"wp:featuredmedia":[{"embeddable":true,"href":"https:\/\/tvgpub.com\/index.php\/wp-json\/wp\/v2\/media\/4081"}],"wp:attachment":[{"href":"https:\/\/tvgpub.com\/index.php\/wp-json\/wp\/v2\/media?parent=869"}],"wp:term":[{"taxonomy":"product_brand","embeddable":true,"href":"https:\/\/tvgpub.com\/index.php\/wp-json\/wp\/v2\/product_brand?post=869"},{"taxonomy":"product_cat","embeddable":true,"href":"https:\/\/tvgpub.com\/index.php\/wp-json\/wp\/v2\/product_cat?post=869"},{"taxonomy":"product_tag","embeddable":true,"href":"https:\/\/tvgpub.com\/index.php\/wp-json\/wp\/v2\/product_tag?post=869"}],"curies":[{"name":"wp","href":"https:\/\/api.w.org\/{rel}","templated":true}]}}